actor of 4 and 108?
4
Calculate the highest common divisor of 126 and 12726.
126
Calculate the highest common factor of 6 and 57.
3
Calculate the greatest common divisor of 19 and 9.
1
Calculate the greatest common divisor of 1141 and 21.
7
What is the highest common divisor of 836 and 22?
22
What is the highest common factor of 403 and 325?
13
What is the highest common factor of 2827 and 88?
11
Calculate the greatest common divisor of 109 and 4469.
109
Calculate the greatest common factor of 238 and 112.
14
Calculate the highest common divisor of 283 and 88579.
283
What is the highest common divisor of 105 and 5187?
21
Calculate the highest common factor of 2378 and 410.
82
What is the highest common divisor of 3144 and 24?
24
Calculate the greatest common divisor of 42 and 48.
6
What is the greatest common divisor of 132 and 36?
12
What is the greatest common factor of 2169 and 9?
9
Calculate the highest common divisor of 42 and 6594.
42
Calculate the greatest common factor of 24 and 376.
8
What is the highest common divisor of 144 and 1104?
48
Calculate the greatest common factor of 1391 and 13.
13
Calculate the highest common factor of 10 and 490.
10
What is the greatest common divisor of 120 and 1410?
30
Calculate the highest common factor of 1204 and 56.
28
What is the greatest common divisor of 2255 and 55?
55
Calculate the greatest common divisor of 261 and 612.
9
Calculate the highest common divisor of 221 and 68.
17
Calculate the highest common factor of 163 and 63407.
163
Calculate the highest common factor of 1 and 67.
1
Calculate the highest common divisor of 152 and 1016.
8
Calculate the highest common factor of 24 and 16.
8
What is the greatest common factor of 1162 and 249?
83
What is the highest common divisor of 57 and 152?
19
What is the highest common divisor of 1768 and 136?
136
Calculate the highest common factor of 344 and 559.
43
Calculate the greatest common divisor of 294 and 420.
42
Calculate the highest common factor of 18 and 99.
9
Calculate the highest common factor of 299 and 207.
23
What is the highest common factor of 217 and 1225?
7
Calculate the highest common factor of 4814 and 58.
58
What is the greatest common divisor of 682 and 62?
62
Calculate the greatest common factor of 508 and 68.
4
What is the highest common factor of 2 and 206?
2
Calculate the highest common divisor of 8864 and 48.
16
What is the greatest common divisor of 6 and 114?
6
Calculate the greatest common factor of 25 and 275.
25
What is the highest common factor of 981 and 9?
9
Calculate the highest common factor of 52 and 533.
13
Calculate the greatest common divisor of 8692 and 164.
164
What is the highest common factor of 35 and 4445?
35
Calculate the highest common factor of 784 and 49.
49
Calculate the greatest common factor of 20 and 782.
2
Calculate the highest common factor of 10 and 478.
2
What is the greatest common factor of 221 and 52?
13
Calculate the greatest common divisor of 10 and 8.
2
Calculate the highest common divisor of 1376 and 32.
32
What is the highest common divisor of 711 and 27?
9
What is the greatest common factor of 464 and 2668?
116
What is the highest common factor of 245 and 140?
35
What is the greatest common factor of 112 and 32?
16
What is the highest common factor of 24 and 27?
3
What is the greatest common factor of 327 and 1853?
109
What is the greatest common divisor of 24 and 256?
8
What is the greatest common divisor of 44 and 198?
22
Calculate the highest common factor of 6812 and 26.
26
What is the highest common divisor of 13 and 2119?
13
Calculate the greatest common factor of 476 and 7560.
28
What is the highest common divisor of 4212 and 39?
39
Calculate the highest common divisor of 670 and 40.
10
Calculate the highest common factor of 1098 and 450.
18
What is the greatest common factor of 4905 and 135?
45
Calculate the highest common factor of 247 and 380.
19
What is the greatest common factor of 4246 and 66?
22
Calculate the greatest common factor of 9 and 57.
3
What is the highest common divisor of 32 and 23392?
32
Calculate the highest common divisor of 493 and 85.
17
What is the highest common factor of 5 and 373?
1
Calculate the highest common divisor of 837 and 783.
27
What is the highest common factor of 2150 and 50?
50
Calculate the greatest common factor of 26 and 1677.
13
Calculate the greatest common divisor of 40 and 83320.
40
What is the highest common factor of 290 and 2755?
145
Calculate the highest common divisor of 33024 and 129.
129
What is the greatest common factor of 726 and 42?
6
What is the greatest common factor of 256 and 64?
64
Calculate the highest common divisor of 51 and 2261.
17
What is the highest common divisor of 1270 and 50?
10
Calculate the greatest common factor of 175 and 2513.
7
What is the highest common factor of 2247 and 42?
21
What is the greatest common factor of 144 and 9?
9
What is the highest common factor of 306 and 90?
18
Calculate the greatest common factor of 305 and 35.
5
Calculate the greatest common factor of 1332 and 5661.
333
What is the highest common factor of 4676 and 28?
28
Calculate the highest common factor of 1494 and 108.
18
Calculate the highest common divisor of 180 and 480.
60
What is the greatest common divisor of 3053 and 213?
71
Calculate the greatest common factor of 340 and 124.
4
What is the highest common factor of 4368 and 182?
182
Calculate the greatest common factor of 1862 and 98.
98
Calculate the highest common divisor of 9 and 31.
1
What is the highest common factor of 280 and 13580?
140
Calculate the greatest common divisor of 129 and 6063.
129
What is the highest common factor of 15397 and 346?
173
What is the greatest common divisor of 85 and 23035?
85
Calculate the highest common divisor of 14 and 8057.
7
Calculate the greatest common factor of 93 and 93.
93
What is the greatest common divisor of 22 and 253?
11
Calculate the highest common divisor of 1070 and 120.
10
What is the highest common divisor of 1448 and 112?
8
Calculate the greatest common divisor of 14 and 76.
2
Calculate the greatest common factor of 190 and 14516.
38
Calculate the highest common divisor of 39375 and 35.
35
What is the highest common factor of 123 and 6?
3
Calculate the greatest common factor of 199 and 29651.
199
What is the highest common factor of 128 and 100?
4
What is the greatest common factor of 806 and 26?
26
What is the highest common divisor of 783 and 189?
27
Calculate the highest common factor of 16 and 16.
16
Calculate the greatest common divisor of 9916 and 444.
148
What is the greatest common factor of 368 and 46?
46
Calculate the highest common divisor of 650 and 520.
130
What is the highest common factor of 8 and 596?
4
Calculate the greatest common factor of 33 and 4367.
11
Calculate the greatest common divisor of 219 and 73.
73
What is the greatest common divisor of 60 and 345?
15
Calculate the highest common divisor of 42 and 231.
21
Calculate the greatest common divisor of 178 and 34087.
89
Calculate the highest common divisor of 1 and 29.
1
What is the highest common factor of 82 and 82?
82
Calculate the highest common divisor of 11076 and 36.
12
Calculate the greatest common divisor of 1368 and 72.
72
Calculate the greatest common factor of 387 and 243.
9
Calculate the greatest common divisor of 93 and 3.
3
Calculate the greatest common divisor of 333 and 8473.
37
Calculate the greatest common factor of 76 and 36.
4
Calculate the greatest common divisor of 432 and 1248.
48
What is the greatest common factor of 30 and 1215?
15
Calculate the highest common divisor of 1840 and 690.
230
What is the highest common factor of 1056 and 33?
33
Calculate the highest common divisor of 26 and 1664.
26
Calculate the greatest common factor of 684 and 1881.
171
What is the highest common factor of 768 and 972?
12
What is the greatest common divisor of 364 and 39?
13
What is the highest common factor of 605 and 55?
55
Calculate the greatest common divisor of 25560 and 90.
90
Calculate the greatest common divisor of 1202 and 4.
2
What is the greatest common factor of 120 and 1500?
60
What is the highest common factor of 1125 and 207?
9
Calculate the greatest common factor of 306 and 34.
34
Calculate the highest commo